{"id":29,"date":"2020-04-15T09:05:29","date_gmt":"2020-04-15T09:05:29","guid":{"rendered":"http:\/\/www.remihub.at\/?page_id=29"},"modified":"2020-12-02T11:09:48","modified_gmt":"2020-12-02T11:09:48","slug":"remihub","status":"publish","type":"page","link":"https:\/\/www.remihub.at\/?page_id=29","title":{"rendered":"Idee und Konzept"},"content":{"rendered":"\n<p><em><em>Urbane G\u00fcterlogistik auf \u00d6ffi-Fl\u00e4chen?<\/em> <\/em>Sie fragen sich vielleicht: &#8222;Wozu eigentlich? Ich bin eigentlich eh ganz zufrieden mit der derzeitigen Paketzustellung&#8220;. Sch\u00f6n f\u00fcr Sie! Allerdings m\u00fcssen Ihre Sendungen oft recht <strong>weit au\u00dferhalb der Stadt oder am Stadtrand<\/strong> auf die Verteilfahrzeuge aufgeteilt werden, weil es in der Stadt <strong>zu wenig daf\u00fcr geeignete Fl\u00e4chen<\/strong> gibt. Sobald diese Verteilfahrzeuge die Pakete dann ausliefern erzeugen sie zus\u00e4tzlichen Verkehr innerhalb der Stadt und sind dementsprechend mitverantwortlich f\u00fcr <strong>Staus<\/strong>, <strong>Luftverschmutzung <\/strong>und <strong>L\u00e4rmbelastung<\/strong>. Wie k\u00f6nnen wir das besser machen?<\/p>\n\n\n\n<p>Eine vielversprechende Idee f\u00fcr eine <strong>zukunftsf\u00e4hige G\u00fcterversorgung<\/strong> von St\u00e4dten besteht darin,&nbsp; alternative Zustellfahrzeuge wie <strong>Lastenr\u00e4der <\/strong>oder <strong>e-Kleintransporter<\/strong> einzusetzen. Diese Fahrzeuge brauchen oft <strong>weniger Platz<\/strong> als die derzeitigen Zustellfahrzeuge und fahren zudem <strong>ohne Verbrennungsmotor<\/strong>, sind also <strong>klimaschonend, leise und platzsparend<\/strong>. Sie sind aber nicht wirklich gut f\u00fcr <strong>lange Lieferstrecken<\/strong> von den G\u00fcterverteilzentren au\u00dferhalb der Stadt geeignet (denn wer f\u00e4hrt denn schon so weite Strecken mit einem Lastenrad?).<\/p>\n\n\n\n<div class=\"wp-block-image\"><figure class=\"aligncenter size-large\"><img loading=\"lazy\" width=\"1024\" height=\"515\" src=\"http:\/\/www.remihub.at\/wp-content\/uploads\/2020\/04\/RemiHub_Skizze_Gesamt_Quer-1024x515.png\" alt=\"\" class=\"wp-image-193\" srcset=\"https:\/\/www.remihub.at\/wp-content\/uploads\/2020\/04\/RemiHub_Skizze_Gesamt_Quer-1024x515.png 1024w, https:\/\/www.remihub.at\/wp-content\/uploads\/2020\/04\/RemiHub_Skizze_Gesamt_Quer-300x151.png 300w, https:\/\/www.remihub.at\/wp-content\/uploads\/2020\/04\/RemiHub_Skizze_Gesamt_Quer-768x386.png 768w, https:\/\/www.remihub.at\/wp-content\/uploads\/2020\/04\/RemiHub_Skizze_Gesamt_Quer-1536x773.png 1536w, https:\/\/www.remihub.at\/wp-content\/uploads\/2020\/04\/RemiHub_Skizze_Gesamt_Quer-2048x1031.png 2048w\" sizes=\"(max-width: 1024px) 100vw, 1024px\" \/><figcaption><em>Die Schaffung innerst\u00e4dtischer G\u00fcterumschlagsfl\u00e4chen und Verk\u00fcrzung der Letzten Meile in der Zustellung &#8211; ein zentrales Element von RemiHub<\/em><\/figcaption><\/figure><\/div>\n\n\n\n<p>Deshalb setzen wir von <strong>RemiHub<\/strong> auf die &nbsp;<strong>zeitweise Mitnutzung von \u00d6ffi-Fl\u00e4chen<\/strong>, damit die sogenannte <strong>&#8218;letzte Meile&#8216;<\/strong> vom Umschlagspunkt zu Ihnen nach Hause <strong>nicht zu lange wird<\/strong>. Die Fl\u00e4chen der Wiener Linien sind <strong>hervorragend an das Verkehrsnetz angebunden<\/strong> und befinden sich zudem meist <strong>mitten in der Stadt<\/strong>, d.h. nahe an allen, die Pakete und P\u00e4ckchen bestellen (und vielleicht sogar wieder zur\u00fcckschicken\u2026). Die Fl\u00e4chen des \u00f6ffentlichen Verkehrs (z.B. Garagen, Werkst\u00e4tten oder auch freie Fl\u00e4chen) bieten also eine interessante M\u00f6glichkeit f\u00fcr den <strong>G\u00fcterumschlag inmitten der Stadt<\/strong>, da sie nur zu gewissen Uhrzeiten voll besetzt sind \u2013 das ist genau dann der Fall wenn wenig Busse, Stra\u00dfenbahnen und U-Bahnen auf den Stra\u00dfen unterwegs sind. Das ist die <strong>zentrale Idee von RemiHub<\/strong>.<\/p>\n\n\n\n<blockquote class=\"wp-block-quote\"><p>RemiHub<\/p><cite>akronym aus &#8222;Remise&#8220; (Stra\u00dfenbahndepot) und &#8222;G\u00fcterlogistikhub&#8220;.<\/cite><\/blockquote>\n\n\n\n<p>Mit RemiHub entstehen <strong>ganz neue Umschlagspunkte<\/strong> in der Stadt und die letzte Meile zu den Empf\u00e4ngerInnen wird stark verk\u00fcrzt, weshalb wir sie nicht oder wenig motorisiert (mit Lastenr\u00e4dern, e-Kleintransportern) bew\u00e4ltigen k\u00f6nnen.<\/p>\n\n\n\n<h3>Forschungsprojekt<\/h3>\n\n\n\n<p>Mit RemiHub entstehen <strong>ganz neue Umschlagspunkte<\/strong> in der Stadt und die letzte Meile zu den Empf\u00e4ngerInnen wird stark verk\u00fcrzt, weshalb wir sie nicht oder wenig motorisiert (mit Lastenr\u00e4dern, e-Kleintransportern) bew\u00e4ltigen k\u00f6nnen.<\/p>\n\n\n\n<div class=\"wp-block-image\"><figure class=\"aligncenter size-large\"><img loading=\"lazy\" width=\"1024\" height=\"410\" src=\"http:\/\/www.remihub.at\/wp-content\/uploads\/2020\/04\/remihub_at_science_collage004-1024x410.png\" alt=\"\" class=\"wp-image-191\" srcset=\"https:\/\/www.remihub.at\/wp-content\/uploads\/2020\/04\/remihub_at_science_collage004-1024x410.png 1024w, https:\/\/www.remihub.at\/wp-content\/uploads\/2020\/04\/remihub_at_science_collage004-300x120.png 300w, https:\/\/www.remihub.at\/wp-content\/uploads\/2020\/04\/remihub_at_science_collage004-768x307.png 768w, https:\/\/www.remihub.at\/wp-content\/uploads\/2020\/04\/remihub_at_science_collage004.png 1349w\" sizes=\"(max-width: 1024px) 100vw, 1024px\" \/><\/figure><\/div>\n\n\n\n<p> Zu den Untersuchungen des Forschungsprojektes geh\u00f6ren: <\/p>\n\n\n\n<ul><li>Identifikation <strong>geeigneter RemiHub Fl\u00e4chen<\/strong> (Busgaragen, Remisen, U-Bahngaragen und Stationen, Freifl\u00e4chen, Werkst\u00e4tten, etc.)<\/li><li><strong>R\u00e4umliche Analysen<\/strong> zur Wahl der besten Standorte f\u00fcr RemiHubs<\/li><li><strong>Betriebskonzepte <\/strong>zur Koordination des \u00d6V-Betriebs mit den g\u00fcterlogistischen T\u00e4tigkeiten<\/li><li><strong>Testbetriebe <\/strong>auf den Fl\u00e4chen des \u00f6ffentlichen Verkehrs<\/li><\/ul>\n\n\n\n<p>Insgesamt ist das Projekt auf eine Laufzeit von drei Jahren angelegt und endet im August 2021. <\/p>\n\n\n\n<figure class=\"wp-block-embed-youtube wp-block-embed is-type-video is-provider-youtube wp-embed-aspect-16-9 wp-has-aspect-ratio\"><div class=\"wp-block-embed__wrapper\">\n<iframe title=\"RemiHub: Der Paketdienst aus der Busgarage\" width=\"835\" height=\"470\" src=\"https:\/\/www.youtube.com\/embed\/1KsCEKrvrOs?feature=oembed\" frameborder=\"0\" allow=\"accelerometer; autoplay; encrypted-media; gyroscope; picture-in-picture\" allowfullscreen><\/iframe>\n<\/div><\/figure>\n\n\n\n<h3>Mediales Interesse<\/h3>\n\n\n\n<p>Seit Beginn des Forschungsbetriebs im September 2018 gab es auch gro\u00dfes Mediales Interesse an RemiHub. F\u00fcr Fragen zu Presseaussendungen k\u00f6nnen Sie uns gerne unter <a href=\"info@remihub.at\">info@remihub.at<\/a> kontaktieren.<\/p>\n\n\n\n<div class=\"wp-block-image\"><figure class=\"aligncenter size-large\"><img loading=\"lazy\" width=\"961\" height=\"540\" src=\"http:\/\/www.remihub.at\/wp-content\/uploads\/2020\/04\/press_collage003_150dpi.png\" alt=\"\" class=\"wp-image-247\" srcset=\"https:\/\/www.remihub.at\/wp-content\/uploads\/2020\/04\/press_collage003_150dpi.png 961w, https:\/\/www.remihub.at\/wp-content\/uploads\/2020\/04\/press_collage003_150dpi-300x169.png 300w, https:\/\/www.remihub.at\/wp-content\/uploads\/2020\/04\/press_collage003_150dpi-768x432.png 768w\" sizes=\"(max-width: 961px) 100vw, 961px\" \/><\/figure><\/div>\n","protected":false},"excerpt":{"rendered":"<p>Urbane G\u00fcterlogistik auf \u00d6ffi-Fl\u00e4chen? Sie fragen sich vielleicht: &#8222;Wozu eigentlich? Ich bin eigentlich eh ganz zufrieden mit der derzeitigen Paketzustellung&#8220;. Sch\u00f6n f\u00fcr Sie! Allerdings m\u00fcssen Ihre Sendungen oft recht weit au\u00dferhalb der Stadt oder am Stadtrand auf die Verteilfahrzeuge aufgeteilt werden, weil es in der Stadt zu wenig daf\u00fcr geeignete Fl\u00e4chen gibt. Sobald diese Verteilfahrzeuge<\/p>\n<a href=\"https:\/\/www.remihub.at\/?page_id=29\" class=\"btn frontech-btn\"><span><\/span>mehr<\/a>","protected":false},"author":1,"featured_media":85,"parent":0,"menu_order":3,"comment_status":"closed","ping_status":"closed","template":"","meta":{"ngg_post_thumbnail":0},"_links":{"self":[{"href":"https:\/\/www.remihub.at\/index.php?rest_route=\/wp\/v2\/pages\/29"}],"collection":[{"href":"https:\/\/www.remihub.at\/index.php?rest_route=\/wp\/v2\/pages"}],"about":[{"href":"https:\/\/www.remihub.at\/index.php?rest_route=\/wp\/v2\/types\/page"}],"author":[{"embeddable":true,"href":"https:\/\/www.remihub.at\/index.php?rest_route=\/wp\/v2\/users\/1"}],"replies":[{"embeddable":true,"href":"https:\/\/www.remihub.at\/index.php?rest_route=%2Fwp%2Fv2%2Fcomments&post=29"}],"version-history":[{"count":40,"href":"https:\/\/www.remihub.at\/index.php?rest_route=\/wp\/v2\/pages\/29\/revisions"}],"predecessor-version":[{"id":421,"href":"https:\/\/www.remihub.at\/index.php?rest_route=\/wp\/v2\/pages\/29\/revisions\/421"}],"wp:featuredmedia":[{"embeddable":true,"href":"https:\/\/www.remihub.at\/index.php?rest_route=\/wp\/v2\/media\/85"}],"wp:attachment":[{"href":"https:\/\/www.remihub.at\/index.php?rest_route=%2Fwp%2Fv2%2Fmedia&parent=29"}],"curies":[{"name":"wp","href":"https:\/\/api.w.org\/{rel}","templated":true}]}}